{"id":215,"date":"2015-04-20T15:57:33","date_gmt":"2015-04-20T13:57:33","guid":{"rendered":"http:\/\/blog.schlossbibliothek.de\/?page_id=215"},"modified":"2024-08-09T16:43:31","modified_gmt":"2024-08-09T14:43:31","slug":"wie-sie-uns-finden","status":"publish","type":"page","link":"https:\/\/www.schlosseulen.de\/?page_id=215","title":{"rendered":"Wie Sie uns finden"},"content":{"rendered":"<p>Obwohl es zwei Adressen gibt unter denen die Schlo\u00dfbibliothek zu finden ist, gibt es dennoch nur einen Standort. Die Adresse<a title=\"Anfahrt zu Schlossbibliothek\" href=\"https:\/\/www.google.com\/maps\/place\/Stadtteilbibliothek+Schlo%C3%9F+Neuhaus\/@51.7468773,8.708082,17z\/data=!3m1!4b1!4m6!1m3!8m2!1e2!2s111518552160662648152!3m1!1s0x4170188a640169cb:0x7e234f9e8e8dc036\" target=\"_blank\" rel=\"noopener noreferrer\"> &#8222;Marstallstra\u00dfe 20&#8220; ist identisch mit &#8222;Im Schlo\u00dfpark 20&#8220; in 33104 Paderborn<\/a>. Auch anders als der Name unserer Bibliothek vermuten l\u00e4sst, sind wir nicht im Schloss untergebracht, sondern im B\u00fcrgerhaus. Im Gel\u00e4ndeplan des Schlossparks ist es der Punkt 16.<\/p>\n<figure id=\"attachment_223\" aria-describedby=\"caption-attachment-223\" style=\"width: 767px\" class=\"wp-caption aligncenter\"><a href=\"http:\/\/www.schlosspark-paderborn.de\/\" target=\"_blank\" rel=\"noopener noreferrer\"><img loading=\"lazy\" decoding=\"async\" class=\"wp-image-223 size-full\" src=\"https:\/\/schlosseulen.de\/wp-content\/uploads\/2015\/04\/Schlosspark.jpg\" alt=\"Gel\u00e4ndeplan des Schlossparks der SCHLOSSPARK UND LIPPESEE GESELLSCHAFT MBH\" width=\"767\" height=\"433\" srcset=\"https:\/\/schlosseulen.de\/wp-content\/uploads\/2015\/04\/Schlosspark.jpg 767w, https:\/\/schlosseulen.de\/wp-content\/uploads\/2015\/04\/Schlosspark-300x169.jpg 300w\" sizes=\"auto, (max-width: 767px) 100vw, 767px\" \/><\/a><figcaption id=\"caption-attachment-223\" class=\"wp-caption-text\">Gel\u00e4ndeplan des Schlossparks der SCHLOSSPARK UND LIPPESEE GESELLSCHAFT MBH<\/figcaption><\/figure>\n<p>Bei <a href=\"https:\/\/www.google.com\/maps\/place\/Stadtteilbibliothek+Schlo%C3%9F+Neuhaus\/@51.7468773,8.708082,17z\/data=!3m1!4b1!4m6!1m3!8m2!1e2!2s111518552160662648152!3m1!1s0x4170188a640169cb:0x7e234f9e8e8dc036\" target=\"_blank\" rel=\"noopener noreferrer\">GoogleMaps<\/a> bekommen Sie auch einen Einblick in das sch\u00f6ne Innere unserer Bibliothek.<\/p>\n","protected":false},"excerpt":{"rendered":"<p>Obwohl es zwei Adressen gibt unter denen die Schlo\u00dfbibliothek zu finden ist, gibt es dennoch nur einen Standort. Die Adresse &#8222;Marstallstra\u00dfe 20&#8220; ist identisch mit &#8222;Im Schlo\u00dfpark 20&#8220; in 33104 Paderborn. Auch anders als der Name unserer Bibliothek vermuten l\u00e4sst, sind wir nicht im Schloss untergebracht, sondern im B\u00fcrgerhaus. Im Gel\u00e4ndeplan des Schlossparks ist es &hellip; <a href=\"https:\/\/www.schlosseulen.de\/?page_id=215\" class=\"more-link\"><span class=\"screen-reader-text\">Wie Sie uns finden<\/span> weiterlesen <span class=\"meta-nav\">&rarr;<\/span><\/a><\/p>\n","protected":false},"author":3,"featured_media":0,"parent":0,"menu_order":1,"comment_status":"closed","ping_status":"closed","template":"","meta":{"footnotes":""},"class_list":["post-215","page","type-page","status-publish","hentry"],"_links":{"self":[{"href":"https:\/\/www.schlosseulen.de\/index.php?rest_route=\/wp\/v2\/pages\/215","targetHints":{"allow":["GET"]}}],"collection":[{"href":"https:\/\/www.schlosseulen.de\/index.php?rest_route=\/wp\/v2\/pages"}],"about":[{"href":"https:\/\/www.schlosseulen.de\/index.php?rest_route=\/wp\/v2\/types\/page"}],"author":[{"embeddable":true,"href":"https:\/\/www.schlosseulen.de\/index.php?rest_route=\/wp\/v2\/users\/3"}],"replies":[{"embeddable":true,"href":"https:\/\/www.schlosseulen.de\/index.php?rest_route=%2Fwp%2Fv2%2Fcomments&post=215"}],"version-history":[{"count":19,"href":"https:\/\/www.schlosseulen.de\/index.php?rest_route=\/wp\/v2\/pages\/215\/revisions"}],"predecessor-version":[{"id":1102,"href":"https:\/\/www.schlosseulen.de\/index.php?rest_route=\/wp\/v2\/pages\/215\/revisions\/1102"}],"wp:attachment":[{"href":"https:\/\/www.schlosseulen.de\/index.php?rest_route=%2Fwp%2Fv2%2Fmedia&parent=215"}],"curies":[{"name":"wp","href":"https:\/\/api.w.org\/{rel}","templated":true}]}}