{"id":51,"date":"2014-01-27T22:30:42","date_gmt":"2014-01-27T20:30:42","guid":{"rendered":"http:\/\/blog.schlossbibliothek.de\/?page_id=51"},"modified":"2025-04-28T11:40:42","modified_gmt":"2025-04-28T09:40:42","slug":"schlossbibliothek","status":"publish","type":"page","link":"https:\/\/www.schlosseulen.de\/?page_id=51","title":{"rendered":"Schlo\u00dfbibliothek"},"content":{"rendered":"<div class=\"n module-type-textWithImage diyfeLiveArea\">\n<div id=\"textWithImage-5767843\" class=\"clearover imageFitWidth\">\n<div class=\"textwrapper\">\n<p><a href=\"https:\/\/schlosseulen.de\/wp-content\/uploads\/2014\/01\/Veranstaltung_2016-04-07_1.png\"><img loading=\"lazy\" decoding=\"async\" class=\"aligncenter size-large wp-image-442\" src=\"https:\/\/schlosseulen.de\/wp-content\/uploads\/2014\/01\/Veranstaltung_2016-04-07_1-1024x460.png\" alt=\"veranstaltung_2016-04-07_1\" width=\"604\" height=\"271\" srcset=\"https:\/\/schlosseulen.de\/wp-content\/uploads\/2014\/01\/Veranstaltung_2016-04-07_1-1024x460.png 1024w, https:\/\/schlosseulen.de\/wp-content\/uploads\/2014\/01\/Veranstaltung_2016-04-07_1-300x135.png 300w, https:\/\/schlosseulen.de\/wp-content\/uploads\/2014\/01\/Veranstaltung_2016-04-07_1-604x270.png 604w, https:\/\/schlosseulen.de\/wp-content\/uploads\/2014\/01\/Veranstaltung_2016-04-07_1.png 1200w\" sizes=\"auto, (max-width: 604px) 100vw, 604px\" \/><\/a><\/p>\n<p>Die Schlo\u00dfbibliothek in Schlo\u00df Neuhaus ist eine Zweigstelle der <a href=\"https:\/\/www.bibliothek.live\/-\/schlo-bibliothek-und-artothek#\/?location=Schlo%C3%9Fbibliothek\" target=\"_blank\" rel=\"noopener noreferrer\">Stadtbibliothek Paderborn<\/a>. Als eine kombinierte Schul- und Stadtteilbibliothek, bietet sie den Nutzern ein breites Sortiment an Romanen, Sachliteratur f\u00fcr Hobby &amp; Freizeit, sowie eine gro\u00dfe Auswahl an Kinderb\u00fcchern, CDs und Computerspielen. Im Lesecaf\u00e9 haben Sie die M\u00f6glichkeit in Tageszeitungen und Zeitschriften zu bl\u00e4ttern.<\/p>\n<\/div>\n<\/div>\n<\/div>\n<p>Wir SCHLOSSEULEN sind f\u00fcr die\u00a0<a href=\"https:\/\/www.schlosseulen.de\/\">Veranstaltungen in der Schlo\u00dfbibliothek<\/a>\u00a0verantwortlich.<\/p>\n<hr \/>\n<div class=\"n module-type-text diyfeLiveArea\">\n<p><strong><a href=\"https:\/\/schlosseulen.de\/wp-content\/uploads\/2014\/01\/IMG_2048-e1547999232542.jpg\"><img loading=\"lazy\" decoding=\"async\" class=\"alignright size-medium wp-image-701\" src=\"https:\/\/schlosseulen.de\/wp-content\/uploads\/2014\/01\/IMG_2048-e1547999232542-225x300.jpg\" alt=\"IMG_2048\" width=\"225\" height=\"300\" srcset=\"https:\/\/schlosseulen.de\/wp-content\/uploads\/2014\/01\/IMG_2048-e1547999232542-225x300.jpg 225w, https:\/\/schlosseulen.de\/wp-content\/uploads\/2014\/01\/IMG_2048-e1547999232542-768x1024.jpg 768w, https:\/\/schlosseulen.de\/wp-content\/uploads\/2014\/01\/IMG_2048-e1547999232542.jpg 900w\" sizes=\"auto, (max-width: 225px) 100vw, 225px\" \/><\/a>Alle unsere Veranstaltungen, auch die archivierten siehe \u00a0<a href=\"https:\/\/www.schlosseulen.de\/\">hier &#8230;<\/a><\/strong><\/p>\n<\/div>\n","protected":false},"excerpt":{"rendered":"<p>Die Schlo\u00dfbibliothek in Schlo\u00df Neuhaus ist eine Zweigstelle der Stadtbibliothek Paderborn. Als eine kombinierte Schul- und Stadtteilbibliothek, bietet sie den Nutzern ein breites Sortiment an Romanen, Sachliteratur f\u00fcr Hobby &amp; Freizeit, sowie eine gro\u00dfe Auswahl an Kinderb\u00fcchern, CDs und Computerspielen. Im Lesecaf\u00e9 haben Sie die M\u00f6glichkeit in Tageszeitungen und Zeitschriften zu bl\u00e4ttern. Wir SCHLOSSEULEN sind &hellip; <a href=\"https:\/\/www.schlosseulen.de\/?page_id=51\" class=\"more-link\"><span class=\"screen-reader-text\">Schlo\u00dfbibliothek<\/span> weiterlesen <span class=\"meta-nav\">&rarr;<\/span><\/a><\/p>\n","protected":false},"author":3,"featured_media":0,"parent":0,"menu_order":0,"comment_status":"closed","ping_status":"closed","template":"","meta":{"footnotes":""},"class_list":["post-51","page","type-page","status-publish","hentry"],"_links":{"self":[{"href":"https:\/\/www.schlosseulen.de\/index.php?rest_route=\/wp\/v2\/pages\/51","targetHints":{"allow":["GET"]}}],"collection":[{"href":"https:\/\/www.schlosseulen.de\/index.php?rest_route=\/wp\/v2\/pages"}],"about":[{"href":"https:\/\/www.schlosseulen.de\/index.php?rest_route=\/wp\/v2\/types\/page"}],"author":[{"embeddable":true,"href":"https:\/\/www.schlosseulen.de\/index.php?rest_route=\/wp\/v2\/users\/3"}],"replies":[{"embeddable":true,"href":"https:\/\/www.schlosseulen.de\/index.php?rest_route=%2Fwp%2Fv2%2Fcomments&post=51"}],"version-history":[{"count":22,"href":"https:\/\/www.schlosseulen.de\/index.php?rest_route=\/wp\/v2\/pages\/51\/revisions"}],"predecessor-version":[{"id":1150,"href":"https:\/\/www.schlosseulen.de\/index.php?rest_route=\/wp\/v2\/pages\/51\/revisions\/1150"}],"wp:attachment":[{"href":"https:\/\/www.schlosseulen.de\/index.php?rest_route=%2Fwp%2Fv2%2Fmedia&parent=51"}],"curies":[{"name":"wp","href":"https:\/\/api.w.org\/{rel}","templated":true}]}}